{"id":118,"date":"2022-08-05T15:52:32","date_gmt":"2022-08-05T13:52:32","guid":{"rendered":"https:\/\/dpbio.umons.ac.be\/?page_id=118"},"modified":"2022-09-06T10:31:45","modified_gmt":"2022-09-06T08:31:45","slug":"description-generale-des-masters","status":"publish","type":"page","link":"https:\/\/dpbio.umons.ac.be\/?page_id=118","title":{"rendered":"Description g\u00e9n\u00e9rale des Masters"},"content":{"rendered":"\n<p>Le Master en Biologie \u00e0 l\u2019Universit\u00e9 de Mons comporte 2 blocs de 60 ECTS. Il peut \u00eatre fait dans le domaine de la Biologie des Organismes et Ecologie (BOE) ou dans le domaine de la Biochimie, Biologie Mol\u00e9culaire et Cellulaire (BBMC). Dans les deux cas, trois orientations sont possibles : l\u2019orientation Recherche (menant au doctorat et \u00e0 la recherche fondamentale), l\u2019orientation Didactique (enseignement de la biologie, notamment dans le secondaire) et l\u2019orientation Sp\u00e9cialis\u00e9e (m\u00e9tiers de l\u2019industrie et du conseil en environnement).<\/p>\n\n\n<div class=\"wp-block-image\">\n<figure class=\"aligncenter size-full\"><img decoding=\"async\" loading=\"lazy\" width=\"1024\" height=\"768\" src=\"https:\/\/dpbio.umons.ac.be\/app\/uploads\/2022\/09\/OrgMasters-1024x768-1.jpg\" alt=\"\" class=\"wp-image-256\" srcset=\"https:\/\/dpbio.umons.ac.be\/app\/uploads\/2022\/09\/OrgMasters-1024x768-1.jpg 1024w, https:\/\/dpbio.umons.ac.be\/app\/uploads\/2022\/09\/OrgMasters-1024x768-1-300x225.jpg 300w, https:\/\/dpbio.umons.ac.be\/app\/uploads\/2022\/09\/OrgMasters-1024x768-1-768x576.jpg 768w\" sizes=\"(max-width: 1024px) 100vw, 1024px\" \/><\/figure><\/div>\n\n\n<p>Pour les \u00e9tudiants ne voulant pas faire de recherche il est \u00e9galement possible de faire un master court en un seul bloc de 60 ECTS.<\/p>\n\n\n\n<p>En d\u00e9but d\u2019ann\u00e9e acad\u00e9mique, les \u00e9tudiants doivent d\u00e9signer entre-eux <strong>un responsable \u00e9tudiant<\/strong> qui sera le lien entre le D\u00e9partement de Biologie, le Secr\u00e9tariat de la Facult\u00e9 et les \u00e9tudiants. Ce responsable \u00e9tudiant sera par exemple charg\u00e9 de transmettre la liste compl\u00e8te des choix de cours, de stages et de m\u00e9moires au Pr\u00e9sident du D\u00e9partement et au Secr\u00e9tariat. C\u2019est par le biais de cet \u00e9tudiant que le D\u00e9partement pourra communiquer avec toute la classe.<\/p>\n","protected":false},"excerpt":{"rendered":"<p>Le Master en Biologie \u00e0 l\u2019Universit\u00e9 de Mons comporte 2 blocs de 60 ECTS. Il peut \u00eatre fait dans le domaine de la Biologie des Organismes et Ecologie (BOE) ou dans le domaine de la Biochimie, Biologie Mol\u00e9culaire et Cellulaire (BBMC). Dans les deux cas, trois orientations sont possibles : l\u2019orientation Recherche (menant au doctorat &hellip; <a href=\"https:\/\/dpbio.umons.ac.be\/?page_id=118\" class=\"more-link\">Continue reading <span class=\"screen-reader-text\">Description g\u00e9n\u00e9rale des Masters<\/span> <span class=\"meta-nav\">&rarr;<\/span><\/a><\/p>\n","protected":false},"author":2,"featured_media":0,"parent":0,"menu_order":0,"comment_status":"closed","ping_status":"closed","template":"","meta":[],"_links":{"self":[{"href":"https:\/\/dpbio.umons.ac.be\/index.php?rest_route=\/wp\/v2\/pages\/118"}],"collection":[{"href":"https:\/\/dpbio.umons.ac.be\/index.php?rest_route=\/wp\/v2\/pages"}],"about":[{"href":"https:\/\/dpbio.umons.ac.be\/index.php?rest_route=\/wp\/v2\/types\/page"}],"author":[{"embeddable":true,"href":"https:\/\/dpbio.umons.ac.be\/index.php?rest_route=\/wp\/v2\/users\/2"}],"replies":[{"embeddable":true,"href":"https:\/\/dpbio.umons.ac.be\/index.php?rest_route=%2Fwp%2Fv2%2Fcomments&post=118"}],"version-history":[{"count":2,"href":"https:\/\/dpbio.umons.ac.be\/index.php?rest_route=\/wp\/v2\/pages\/118\/revisions"}],"predecessor-version":[{"id":257,"href":"https:\/\/dpbio.umons.ac.be\/index.php?rest_route=\/wp\/v2\/pages\/118\/revisions\/257"}],"wp:attachment":[{"href":"https:\/\/dpbio.umons.ac.be\/index.php?rest_route=%2Fwp%2Fv2%2Fmedia&parent=118"}],"curies":[{"name":"wp","href":"https:\/\/api.w.org\/{rel}","templated":true}]}}