{"id":157,"date":"2022-08-05T16:18:00","date_gmt":"2022-08-05T14:18:00","guid":{"rendered":"https:\/\/dpbio.umons.ac.be\/?page_id=157"},"modified":"2022-08-05T16:18:00","modified_gmt":"2022-08-05T14:18:00","slug":"master-bloc-2-description","status":"publish","type":"page","link":"https:\/\/dpbio.umons.ac.be\/?page_id=157","title":{"rendered":"Master Bloc 2 Description"},"content":{"rendered":"\n<p>Le bloc 2 de Master comporte la structure suivante :<\/p>\n\n\n\n<h5>Partie se faisant \u00e0 l\u2019Universit\u00e9 de Mons (38 ECTS) :<\/h5>\n\n\n\n<p><a href=\"https:\/\/hosting.umons.ac.be\/php\/dpbio\/?page_id=296\">\u2013 M\u00e9moire (30 ECTS)<\/a><\/p>\n\n\n\n<p><a href=\"https:\/\/hosting.umons.ac.be\/php\/dpbio\/?page_id=292\">\u2013 S\u00e9minaires de recherche (3 ECTS)<\/a><\/p>\n\n\n\n<p><a href=\"https:\/\/hosting.umons.ac.be\/php\/dpbio\/?page_id=294\">\u2013 Scientific Workshop Training \u2013 conference (5 ECTS)<\/a><\/p>\n\n\n\n<h5>Partie se faisant de pr\u00e9f\u00e9rence en dehors de l\u2019universit\u00e9 de Mons (22 ECTS) :<\/h5>\n\n\n\n<p>Pour cette partie, appel\u00e9e \u00ab&nbsp;formation compl\u00e9mentaire&nbsp;\u00bb, les \u00e9tudiants doivent choisir des <a href=\"https:\/\/hosting.umons.ac.be\/php\/dpbio\/?page_id=728\">stages<\/a> (si possible \u00e0 l\u2019ext\u00e9rieur de l\u2019Universit\u00e9) et participer \u00e0 des Semaines Th\u00e9matiques. Les \u00e9tudiants peuvent \u00e9galement choisir des cours sp\u00e9cialis\u00e9s dans la liste donn\u00e9e dans le programme (chaque cours faisant 2 ECTS; par exemple \u00ab&nbsp;Bioinformatique&nbsp;\u00bb, \u00ab&nbsp;Biologie cellulaire du cancer&nbsp;\u00bb, \u00ab&nbsp;Imagerie mol\u00e9culaire&nbsp;\u00bb, etc.). Une semaine de stage ou 1 semaine th\u00e9matique correspond \u00e0 3 ECTS. Les \u00e9tudiants peuvent choisir des cours dans l\u2019ensemble du cursus de l\u2019Universit\u00e9 y compris le cursus de Biologie de Master Bloc 1 moyennant l\u2019accord au pr\u00e9alable du jury.<\/p>\n\n\n\n<p>Pour les <a href=\"https:\/\/hosting.umons.ac.be\/php\/dpbio\/?page_id=728\">stages<\/a> ayant lieu \u00e0 l\u2019ext\u00e9rieur de l\u2019universit\u00e9, une convention de stage doit \u00eatre sign\u00e9e par le responsable du laboratoire d\u2019accueil. Voir <a href=\"https:\/\/hosting.umons.ac.be\/php\/dpbio\/?page_id=1132\">ici<\/a> pour plus de d\u00e9tails sur les stages.<\/p>\n\n\n\n<p>Des semaines d\u00e9di\u00e9es \u00e0 une th\u00e9matique particuli\u00e8re (semaines th\u00e9matiques) sont organis\u00e9es dans les autres universit\u00e9s de la Communaut\u00e9 Fran\u00e7aise. Ces semaines sont \u00e9valu\u00e9es et peuvent faire partie de la formation compl\u00e9mentaire. La liste des diff\u00e9rentes semaines th\u00e9matiques et les dates auxquelles elles se d\u00e9roulent peuvent vous \u00eatre fournis d\u00e8s le d\u00e9but de l\u2019ann\u00e9e par le Prof. <a href=\"mailto:laurence.ris@umons.ac.be\">Laurence Ris<\/a>.<\/p>\n\n\n\n<p>Attention : il a \u00e9t\u00e9 d\u00e9cid\u00e9 (D\u00e9partement de Biologie du 18 janvier 2017) que le PAE de l\u2019\u00e9tudiant en Master-2 doit se faire <strong>en concertation avec le directeur de m\u00e9moire<\/strong> en d\u00e9but d\u2019ann\u00e9e (les stages ne doivent pas trop interf\u00e9rer avec le m\u00e9moire).<\/p>\n\n\n\n<h4>Pour le programme complet de Master-2 voir <a href=\"https:\/\/hosting.umons.ac.be\/php\/dpbio\/?page_id=39\">ici<\/a>.<\/h4>\n","protected":false},"excerpt":{"rendered":"<p>Le bloc 2 de Master comporte la structure suivante : Partie se faisant \u00e0 l\u2019Universit\u00e9 de Mons (38 ECTS) : \u2013 M\u00e9moire (30 ECTS) \u2013 S\u00e9minaires de recherche (3 ECTS) \u2013 Scientific Workshop Training \u2013 conference (5 ECTS) Partie se faisant de pr\u00e9f\u00e9rence en dehors de l\u2019universit\u00e9 de Mons (22 ECTS) : Pour cette partie, &hellip; <a href=\"https:\/\/dpbio.umons.ac.be\/?page_id=157\" class=\"more-link\">Continue reading <span class=\"screen-reader-text\">Master Bloc 2 Description<\/span> <span class=\"meta-nav\">&rarr;<\/span><\/a><\/p>\n","protected":false},"author":2,"featured_media":0,"parent":0,"menu_order":0,"comment_status":"closed","ping_status":"closed","template":"","meta":[],"_links":{"self":[{"href":"https:\/\/dpbio.umons.ac.be\/index.php?rest_route=\/wp\/v2\/pages\/157"}],"collection":[{"href":"https:\/\/dpbio.umons.ac.be\/index.php?rest_route=\/wp\/v2\/pages"}],"about":[{"href":"https:\/\/dpbio.umons.ac.be\/index.php?rest_route=\/wp\/v2\/types\/page"}],"author":[{"embeddable":true,"href":"https:\/\/dpbio.umons.ac.be\/index.php?rest_route=\/wp\/v2\/users\/2"}],"replies":[{"embeddable":true,"href":"https:\/\/dpbio.umons.ac.be\/index.php?rest_route=%2Fwp%2Fv2%2Fcomments&post=157"}],"version-history":[{"count":1,"href":"https:\/\/dpbio.umons.ac.be\/index.php?rest_route=\/wp\/v2\/pages\/157\/revisions"}],"predecessor-version":[{"id":158,"href":"https:\/\/dpbio.umons.ac.be\/index.php?rest_route=\/wp\/v2\/pages\/157\/revisions\/158"}],"wp:attachment":[{"href":"https:\/\/dpbio.umons.ac.be\/index.php?rest_route=%2Fwp%2Fv2%2Fmedia&parent=157"}],"curies":[{"name":"wp","href":"https:\/\/api.w.org\/{rel}","templated":true}]}}