{"id":27,"date":"2022-08-05T12:16:10","date_gmt":"2022-08-05T10:16:10","guid":{"rendered":"https:\/\/dpbio.umons.ac.be\/?page_id=27"},"modified":"2022-08-05T17:01:04","modified_gmt":"2022-08-05T15:01:04","slug":"doctorants","status":"publish","type":"page","link":"https:\/\/dpbio.umons.ac.be\/?page_id=27","title":{"rendered":"Doctorants"},"content":{"rendered":"\n<p><a href=\"https:\/\/dpbio.umons.ac.be\/?page_id=176\" target=\"_blank\" rel=\"noreferrer noopener\">Informations sur la th\u00e8se de doctorat<\/a><\/p>\n\n\n\n<p><a href=\"https:\/\/dpbio.umons.ac.be\/?page_id=179\" target=\"_blank\" rel=\"noreferrer noopener\">R\u00e9p\u00e9titions FRIA<\/a><\/p>\n\n\n\n<p>Exemples de th\u00e8ses<\/p>\n\n\n\n<p>Sujets de th\u00e8se<\/p>\n\n\n\n<p><a href=\"https:\/\/dpbio.umons.ac.be\/?page_id=183\" target=\"_blank\" rel=\"noreferrer noopener\">Aide aux doctorants<\/a><\/p>\n\n\n\n<p>Les derni\u00e8res th\u00e8ses d\u00e9fendues<\/p>\n","protected":false},"excerpt":{"rendered":"<p>Informations sur la th\u00e8se de doctorat R\u00e9p\u00e9titions FRIA Exemples de th\u00e8ses Sujets de th\u00e8se Aide aux doctorants Les derni\u00e8res th\u00e8ses d\u00e9fendues<\/p>\n","protected":false},"author":2,"featured_media":0,"parent":0,"menu_order":0,"comment_status":"closed","ping_status":"closed","template":"","meta":[],"_links":{"self":[{"href":"https:\/\/dpbio.umons.ac.be\/index.php?rest_route=\/wp\/v2\/pages\/27"}],"collection":[{"href":"https:\/\/dpbio.umons.ac.be\/index.php?rest_route=\/wp\/v2\/pages"}],"about":[{"href":"https:\/\/dpbio.umons.ac.be\/index.php?rest_route=\/wp\/v2\/types\/page"}],"author":[{"embeddable":true,"href":"https:\/\/dpbio.umons.ac.be\/index.php?rest_route=\/wp\/v2\/users\/2"}],"replies":[{"embeddable":true,"href":"https:\/\/dpbio.umons.ac.be\/index.php?rest_route=%2Fwp%2Fv2%2Fcomments&post=27"}],"version-history":[{"count":5,"href":"https:\/\/dpbio.umons.ac.be\/index.php?rest_route=\/wp\/v2\/pages\/27\/revisions"}],"predecessor-version":[{"id":185,"href":"https:\/\/dpbio.umons.ac.be\/index.php?rest_route=\/wp\/v2\/pages\/27\/revisions\/185"}],"wp:attachment":[{"href":"https:\/\/dpbio.umons.ac.be\/index.php?rest_route=%2Fwp%2Fv2%2Fmedia&parent=27"}],"curies":[{"name":"wp","href":"https:\/\/api.w.org\/{rel}","templated":true}]}}