{"id":93,"date":"2022-08-05T15:37:11","date_gmt":"2022-08-05T13:37:11","guid":{"rendered":"https:\/\/dpbio.umons.ac.be\/?page_id=93"},"modified":"2022-08-05T15:37:11","modified_gmt":"2022-08-05T13:37:11","slug":"prix-adrien-bauchau","status":"publish","type":"page","link":"https:\/\/dpbio.umons.ac.be\/?page_id=93","title":{"rendered":"Prix Adrien Bauchau"},"content":{"rendered":"\n<p>Le <strong>Prix Adrien Bauchau<\/strong> est dot\u00e9 d\u2019un montant de 1500 \u20ac pour le titulaire et d\u2019accessits de 500\u20ac pour les laur\u00e9ats. Il est destin\u00e9 \u00e0 r\u00e9compenser un(e) \u00e9tudiant(e) de la F\u00e9d\u00e9ration Wallonie-Bruxelles pour son m\u00e9moire de fin d\u2019\u00e9tudes en Sciences Biologiques. La qualit\u00e9 du laur\u00e9at devra \u00eatre reconnue tant au plan de la rigueur avec laquelle il a su conduire sa d\u00e9marche scientifique qu\u2019au plan de ses aptitudes \u00e0 communiquer et \u00e0 discuter ses r\u00e9sultats.&nbsp;L\u2019appr\u00e9ciation du jury porte donc pr\u00e9cis\u00e9ment sur la valeur personnelle et l\u2019esprit cr\u00e9atif de l\u2019\u00e9tudiant en tant que chercheur d\u00e9butant et non sur l\u2019importance \u00e9ventuelle des r\u00e9sultats qu\u2019il aurait obtenus.<\/p>\n\n\n\n<p>Le prix est attribu\u00e9 annuellement, en alternance, dans l\u2019orientation BOE (Biologie des Organismes et Ecologie) ou dans l\u2019orientation BBMC (Biologie et Biochimie Mol\u00e9culaire et Cellulaire). Il est annonc\u00e9 par affiche au cours de l\u2019ann\u00e9e acad\u00e9mique de son attribution.&nbsp;Il est destin\u00e9 \u00e0 un \u00e9tudiant(e) ou, conjointement, \u00e0 deux \u00e9tudiant(e)s ayant termin\u00e9 le master en Sciences Biologiques au cours des deux ann\u00e9es acad\u00e9miques pr\u00e9c\u00e9dant celle de son attribution. Il peut ne pas \u00eatre attribu\u00e9.<\/p>\n\n\n\n<p>Un jury est nomm\u00e9 pour l\u2019attribution du prix de l\u2019ann\u00e9e, par l\u2019assembl\u00e9e g\u00e9n\u00e9rale de l\u2019ASBL Fonds Adrien Bauchau sur base des propositions du d\u00e9partement de Biologie. Seul, son secr\u00e9taire est d\u00e9sign\u00e9 pour un terme renouvelable de 5 ans. Le jury se compose de 7 personnes, dont un secr\u00e9taire et des experts dans les sciences de la vie, parmi lesquels trois sont issus de l\u2019UNamur et trois de l\u2019ext\u00e9rieur. Les membres de l\u2019UNamur le sont pour trois prix successifs soit dans l\u2019orientation BBMC, soit dans l\u2019orientation BOE. Le pr\u00e9sident du jury est choisi par et parmi ces derniers.&nbsp;Il invite le pr\u00e9sident de l\u2019Association \u00e0 assister \u00e0 ses d\u00e9lib\u00e9rations.<\/p>\n\n\n\n<p>La r\u00e9ception et la s\u00e9lection des candidatures se d\u00e9roulent g\u00e9n\u00e9ralement de la fa\u00e7on suivante (le calendrier peut cependant subir des modifications annonc\u00e9es via le site) :<\/p>\n\n\n\n<p>\u2013 Les formulaires d\u2019inscription sont disponibles aupr\u00e8s de <a href=\"mailto:joelle.jonet@unamur.be\">joelle.jonet@unamur.be<\/a>&nbsp; ou t\u00e9l\u00e9chargeables sur le site <a href=\"http:\/\/www.fondsadrienbauchau.be\">www.fondsadrienbauchau.be<\/a><\/p>\n\n\n\n<p>\u2013 D\u00e9but novembre : le (la) candidat(e) remet au secr\u00e9taire du jury le formulaire d\u2019inscription d\u00fbment rempli ainsi qu\u2019un r\u00e9sum\u00e9 de son m\u00e9moire. Chaque dossier de candidature est soumis aux membres du d\u00e9partement faisant partie du jury pour une pr\u00e9s\u00e9lection.<\/p>\n\n\n\n<p>\u2013 D\u00e9but d\u00e9cembre : les candidat(e)s retenu(e)s sont averti(e)s.<\/p>\n\n\n\n<p>\u2013 Mi-d\u00e9cembre : ils fournissent au secr\u00e9taire du jury 4 exemplaires de leur m\u00e9moire de fin d\u2019\u00e9tude, l\u2019exemplaire enregistr\u00e9 lors de l\u2019inscription aux examens faisant foi. Dans le courant du mois qui suit la remise du m\u00e9moire, ils sont convoqu\u00e9s par le jury pour d\u00e9fendre leur travail en s\u00e9ance publique.<\/p>\n\n\n\n<p>\u2013 Fin janvier\/d\u00e9but f\u00e9vrier&nbsp;: le titulaire et les laur\u00e9ats sont r\u00e9compens\u00e9s au cours d\u2019une s\u00e9ance officielle organis\u00e9e avec le d\u00e9partement de Biologie et la Facult\u00e9 des Sciences.<\/p>\n","protected":false},"excerpt":{"rendered":"<p>Le Prix Adrien Bauchau est dot\u00e9 d\u2019un montant de 1500 \u20ac pour le titulaire et d\u2019accessits de 500\u20ac pour les laur\u00e9ats. Il est destin\u00e9 \u00e0 r\u00e9compenser un(e) \u00e9tudiant(e) de la F\u00e9d\u00e9ration Wallonie-Bruxelles pour son m\u00e9moire de fin d\u2019\u00e9tudes en Sciences Biologiques. La qualit\u00e9 du laur\u00e9at devra \u00eatre reconnue tant au plan de la rigueur avec &hellip; <a href=\"https:\/\/dpbio.umons.ac.be\/?page_id=93\" class=\"more-link\">Continue reading <span class=\"screen-reader-text\">Prix Adrien Bauchau<\/span> <span class=\"meta-nav\">&rarr;<\/span><\/a><\/p>\n","protected":false},"author":2,"featured_media":0,"parent":0,"menu_order":0,"comment_status":"closed","ping_status":"closed","template":"","meta":[],"_links":{"self":[{"href":"https:\/\/dpbio.umons.ac.be\/index.php?rest_route=\/wp\/v2\/pages\/93"}],"collection":[{"href":"https:\/\/dpbio.umons.ac.be\/index.php?rest_route=\/wp\/v2\/pages"}],"about":[{"href":"https:\/\/dpbio.umons.ac.be\/index.php?rest_route=\/wp\/v2\/types\/page"}],"author":[{"embeddable":true,"href":"https:\/\/dpbio.umons.ac.be\/index.php?rest_route=\/wp\/v2\/users\/2"}],"replies":[{"embeddable":true,"href":"https:\/\/dpbio.umons.ac.be\/index.php?rest_route=%2Fwp%2Fv2%2Fcomments&post=93"}],"version-history":[{"count":1,"href":"https:\/\/dpbio.umons.ac.be\/index.php?rest_route=\/wp\/v2\/pages\/93\/revisions"}],"predecessor-version":[{"id":94,"href":"https:\/\/dpbio.umons.ac.be\/index.php?rest_route=\/wp\/v2\/pages\/93\/revisions\/94"}],"wp:attachment":[{"href":"https:\/\/dpbio.umons.ac.be\/index.php?rest_route=%2Fwp%2Fv2%2Fmedia&parent=93"}],"curies":[{"name":"wp","href":"https:\/\/api.w.org\/{rel}","templated":true}]}}